. What is the units digit of j?
6
Suppose -276*u = -224*u - 1205713 - 779543. What is the tens digit of u?
7
What is the hundreds digit of (-5 - (-213171)/27) + (-87)/27 + 3?
8
Suppose 8218 - 1548 = 5*r. Let j = 2121 - r. What is the units digit of j?
7
Let d(a) = -19*a - 6. Let m(r) = -13*r - 100. Let t be m(-7). What is the hundreds digit of d(t)?
1
Let k(h) = -2*h - 1. Let u(a) = -357*a - 13. Let c(w) = 6*k(w) - u(w). What is the units digit of c(3)?
2
Let y be 56/9 + (-60)/27 + 2. Suppose -u + 3*u = y. Let a(i) = 34*i + 16. What is the tens digit of a(u)?
1
Let s(o) = 142*o**2 - 96*o + 2. Let g(i) = -427*i**2 + 289*i - 5. Let z(p) = -3*g(p) - 8*s(p). What is the hundreds digit of z(2)?
3
Let u(v) = -8*v**2 + 345*v - 73. What is the hundreds digit of u(38)?
4
Let d be (-1 + 2)/1 + (-75)/(-25). What is the units digit of (-2266)/(-7) + d/14?
4
Suppose 0 = 3*c - 5*j - 12195, 0 = -246*j + 248*j. What is the units digit of c?
5
Suppose 4*t - 3469 - 3025 = -q, 4875 = 3*t + 3*q. Suppose 4*r + 14*f = 9*f + t, 4*r - 3*f = 1663. What is the tens digit of r?
1
What is the thousands digit of ((-12)/16)/(11 + -8) - (-37191)/12?
3
Suppose 3*a + 1986 = 5*o - 0*a, 1970 = 5*o + 5*a. Let j = 795 - o. What is the tens digit of j?
9
Suppose 71*v - 740074 + 146017 = 0. What is the tens digit of v?
6
Suppose -3*j = -g - 29, -g - 13 = -j - 0*g. Let w = -5 + j. What is the units digit of 9*((-47)/(-12) + w/4)?
2
Let y = 76 - 73. Let k be 7/1*(9/(-21) - y). Let r = k + 149. What is the hundreds digit of r?
1
Suppose -3*w + 13*w - 4290 = 0. Suppose 3*t + 3*q = w, -5*t - q + 108 = -627. What is the tens digit of t?
4
Let z(k) = k**3 + 17*k**2 + 19*k + 56. Let u be z(-16). What is the hundreds digit of 80704/117 + u/36?
6
Suppose 87087 - 1839552 = 99*y - 384*y. What is the hundreds digit of y?
1
Let v(p) be the second derivative of p**5/20 - 13*p**4/6 - 5*p**3/2 - 33*p**2 + 3*p - 2. What is the hundreds digit of v(27)?
2
Let w = -1932 - -7373. What is the hundreds digit of w?
4
Let k be (-16)/(-6) + 2241/(-81). Let o(z) = z**2 + 14*z - 139. What is the hundreds digit of o(k)?
1
Suppose 113*x - 114*x + 6594 = 0. What is the thousands digit of x?
6
Suppose n = 4*n - 729. Suppose -551 = -2*h + n. What is the units digit of h?
7
Let q(o) = 670*o**3 + 2*o + 2. Let c be q(-1). Let i = c - -1254. What is the tens digit of i?
8
Let y = -223 + 628. What is the hundreds digit of 6/4 + (-3)/(-6) + y?
4
Let q(h) = h**3 + 22*h**2 - 30*h - 19. Let u = 158 + -181. What is the tens digit of q(u)?
4
Suppose -21*j + 102318 = -132378. Suppose 387*a - 398*a = -j. What is the hundreds digit of a?
0
Let j = -31 - -43. Suppose -3 = -3*v, -4*i - j = 2*v - 42. Suppose -3*f = -u - 258, -1 + i = -2*u. What is the tens digit of f?
8
Suppose 110*x - 8179420 = -4330. What is the thousands digit of x?
4
Let h(m) = 145*m**2 + 19*m + 152. What is the tens digit of h(-9)?
2
Let j be (-8)/20 + (432/15)/2. Let b = j + -170. Let q = b + 324. What is the hundreds digit of q?
1
Let w(d) = -d - 2*d**2 + 0*d + 2 - d**2 + 10*d**3. Suppose y + 8 = 5*k, -33 = -4*k + y - 27. What is the tens digit of w(k)?
6
Suppose 5*m = 4*u - 95827, 3*u + 183*m - 71851 = 184*m. What is the thousands digit of u?
3
Let w = 4 + 10. Suppose t = 10 - w. Let i(j) = -2*j**3 - 2*j**2 - 5*j - 2. What is the hundreds digit of i(t)?
1
Suppose 68*l - 617542 = 27*l. What is the units digit of l?
2
Suppose -1127 = -6*y + 5*y - 4*q, -2260 = -2*y - 5*q. What is the tens digit of (y - -7)*(-2)/(-4*1)?
7
Suppose 337 = -15*c + 1822. Let v = c + 16. What is the tens digit of v?
1
Suppose -11*b + 56297 = 8*b. Suppose -b - 4777 = -6*y. What is the thousands digit of y?
1
Let m be (30/(-9))/(4*2/(-12)). Let o be (10 - m) + 18 + -2. What is the tens digit of 10/(o/14*2/12)?
4
Suppose 0 = -4*x - 2*y + 70244, 2*x - 22*y - 35098 = -27*y. What is the tens digit of x?
6
What is the ten thousands digit of (-13*14/(224/(-1240)))/((-1)/(-20))?
2
Let s(x) = 9*x + 24. Let p be s(-5). Let c(t) = 5*t + 42. Let y be c(p). Let d = y + 214. What is the units digit of d?
1
What is the thousands digit of (-180681)/(-33) - -3 - -26*18/(-2574)?
5
Let i(p) = -93*p**3 + 4*p**2 - 2. Let c be 5/(5/(-2)) + -2. Let f be i(c). What is the hundreds digit of f/34 - 2/(-17)?
1
Let k(f) = f**3 + 12*f**2 - 94*f - 532. Let b be k(-12). Suppose -844 = -0*g + 2*g. Let c = g + b. What is the hundreds digit of c?
1
Let x = 77289 + -52951. What is the units digit of x?
8
Suppose 3*o + c = 1, -c = 5*o + c. Let y be 64/(-1) + (-4)/(-4) + o. Let z = 191 + y. What is the hundreds digit of z?
1
Suppose 0 = -2*g + 23*g. Suppose g*j + 2*v + 44 = 4*j, 3*v + 18 = 2*j. What is the tens digit of j?
1
Let i(x) = -6*x**3 - 5*x**2 - 3*x - 5. Let o be 35/(-5) - -6 - 4. What is the hundreds digit of i(o)?
6
Let k = 30502 + 3871. What is the tens digit of k?
7
Let a be -255 - (63/(-45) - (-6)/(-10)). Let h = a - -414. What is the hundreds digit of h?
1
Let q(c) = 243*c**2 + 441*c + 5507. What is the hundreds digit of q(-12)?
2
Let v be ((-4)/5)/((-4)/(-30)). What is the hundreds digit of (2 + 15/(-10))*v*-49?
1
Let c be 0/(-7) - (-1 - 1). Suppose -3*r + 66 + 33 = a, 5*a - 529 = c*r. Let p = -27 + a. What is the tens digit of p?
7
Suppose -8*k + 1278 = 10*k. Suppose -1860 = -k*w + 65*w. What is the tens digit of w?
1
Let t(k) = -1449 + 10*k - 45*k + 1146. What is the hundreds digit of t(-31)?
7
Let q = 88712 + -52134. What is the hundreds digit of q?
5
Let f = -35155 - -68054. What is the hundreds digit of f?
8
Suppose t = -g + 5298, 1883*g + 26571 = 5*t + 1879*g. What is the tens digit of t?
0
Let q be ((-130)/(-39))/(2/48). Suppose 5*l = 5*p + 20, 0 = -3*l - p - 0 + 4. Suppose l*c + g - 242 = -q, -c + 78 = 2*g. What is the tens digit of c?
8
Let g be ((-12)/(-9))/(3/(-1143)*-1). Let b = 523 + g. What is the tens digit of b?
3
Let w = -156 + 159. Suppose -w*c + 1652 = -r, 3*c - 4*c - 5*r = -540. What is the hundreds digit of c?
5
Suppose -3*k - 4*c + 148157 = 0, 0 = -5*c - 10 + 20. What is the tens digit of k?
8
Let v(t) be the second derivative of t**4/12 - 3*t**3 + 27*t**2 + t. Let c(u) = -u**3 + 20*u**2 - 20*u + 41. Let w be c(19). What is the units digit of v(w)?
2
Suppose -2*m + 43135 = d, 26*m = 31*m - 4*d - 107883. What is the hundreds digit of m?
5
Suppose 4*x + 20 = 0, 5*z = z - 4*x. What is the hundreds digit of (-188)/z*(-75)/6?
4
Let w = 29397 - 11722. What is the ten thousands digit of w?
1
Let q(t) = 6*t + 2. Let w be q(4). Suppose -w = -5*x + 5*o + 9, x - 27 = 5*o. Suppose -r + 22 = 4*n, -x*n - 31 = -4*r + n. What is the tens digit of r?
1
What is the hundreds digit of -2 + (-112)/(-44) - 1382*84/(-11)?
5
Suppose -2*h - 14 = -3*u, -9*u = -5*u + 2*h - 14. Suppose 0 = 2*f + 5*q - 2*q - 904, u*q = -f + 457. What is the units digit of f?
9
Let v be -4 - -6 - (7 - 1). Let h be (v/(-2))/((-8)/504). What is the units digit of ((-44)/12)/(6/h)?
7
Let p(z) = -z**2 + 8*z + 20. Let n(o) = o**2 - 9*o - 19. Let c(u) = -2*n(u) - 3*p(u). Let f be (-324)/144*(-4)/(2/2). What is the units digit of c(f)?
5
Let g(t) be the third derivative of t**5/120 + 17*t**4/8 - 4*t**3 - 5*t**2. Let a(c) be the first derivative of g(c). What is the units digit of a(-12)?
9
What is the ten thousands digit of 9 - ((224913 - 1)/(-4))/2?
2
Suppose 3*i + 784 + 229 = 5*s, 0 = 2*s + 2*i - 418. Suppose p + s = -3*n, -5*p = -3*n - 88 - 93. Let g = -25 - n. What is the tens digit of g?
4
What is the thousands digit of -17*(-4)/(-4) + 6331?
6
Let a(o) be the first derivative of -29*o**5/5 + o**4/6 - o**3/6 - o**2 + 5*o + 5. Let v(n) be the first derivative of a(n). What is the units digit of v(-1)?
7
Suppose -j = -4*i - 33964, 3*j - 94465 = 2*i + 7477. What is the units digit of j?
4
Let v = -342 - -182. Let y = 2 - -10. What is the units digit of v/24*(-99)/y?
5
Suppose 5*a + 4*r - 252 - 51 = 0, 4*a + r = 249. Suppose 5*f + 800 = 5*n, 4*f = -n + a + 97. What is the hundreds digit of n?
1
Let l = -2483 + 8959. What is the units digit of l?
6
Let k(j) = 35*j**2 + j**3 - 28*j**2 - j**3 + 5*j - j**3 - 20. What is the units digit of k(-6)?
8
Suppose 41*z - 1172174 = 1265559 - 71254. What is the thousands digit of z?
7
Let s = -9154 + 16157. What is the tens digit of s?
0
Let l(w) = w - 3. Let i(f) = 5*f - 23. Let g be i(6). Let y